f?
3, 7
Let w(j) = -j**3 + 4*j**2 + 5*j + 2. Let n be w(5). Suppose -11*u + 19*u = 88. Suppose 0 = -n*k + 45 + u. What are the prime factors of k?
2, 7
Suppose 0 = -5*w + 3*w + 102. Suppose -3*n = -w + 15. What are the prime factors of (-28)/n*-3*1?
7
Let i = 3806 - 782. List the prime factors of i.
2, 3, 7
Suppose -7*d = -3*d + 20, -3*z = -4*d - 29. Suppose -k + 2*k - 1 = 2*l, z*k + 4*l - 13 = 0. What are the prime factors of k?
3
Let h(n) = -n**3 + 10*n**2 + 12*n - 7. Let k be h(11). Suppose -3*r = r + 5*u - 57, 0 = k*r + 3*u - 63. List the prime factors of r.
2, 3
List the prime factors of (7280/(-3))/8*3/(-2).
5, 7, 13
Let a(j) = 381*j - 78. What are the prime factors of a(2)?
2, 3, 19
Let p = 28 - 24. Let c(q) = 8 + 8 - p*q - 10. What are the prime factors of c(-5)?
2, 13
Let z(w) = w**2 - 4*w + 1. Let s be z(5). Suppose -3*c + 97 - 34 = 3*t, c - 4*t - s = 0. List the prime factors of c.
2, 3
Let j(v) = 3*v**2 + 1. Let p = -10 + 9. Let t be j(p). Suppose 0 = -3*k + 2*k + t. What are the prime factors of k?
2
Let y = -29 - -32. Suppose 5*w = y*d + 79 + 226, 0 = -3*d + 15. What are the prime factors of w?
2
Let n = 518 - 274. Suppose 35*o - n = 33*o. List the prime factors of o.
2, 61
Suppose -7*m - 28 - 392 = 0. List the prime factors of (0 - (-548)/6)/((-40)/m).
137
Suppose 6*k = 55 + 11. What are the prime factors of k?
11
Suppose 5661 = -135*d + 138*d. List the prime factors of d.
3, 17, 37
Suppose -78*r = -76*r - 1056. What are the prime factors of r?
2, 3, 11
Let g = 3200 + -2011. List the prime factors of g.
29, 41
Let y(k) = 6*k + k**3 - 3*k**2 - 7 - 9*k - k**2. Let d be y(5). Suppose 7*c + d*p - 78 = 2*c, 110 = 5*c - 5*p. List the prime factors of c.
2, 3
Let i be -1 + (-4437)/(-21) - 2/7. Suppose 10*f - i - 200 = 0. List the prime factors of f.
41
Suppose -3*o - 3*b = 192, -4*o - 229 - 27 = 2*b. Suppose -5*h - h - 276 = 0. Let w = h - o. What are the prime factors of w?
2, 3
Let r be 3 + 1 - (-6 - -9). Let i be ((-1)/(-3))/(r/3). Suppose i + 47 = q. List the prime factors of q.
2, 3
Suppose -o + 7505 = 5*j, 63*o = 5*j + 59*o - 7505. What are the prime factors of j?
19, 79
Let k(r) = r + 13. Let m be k(-9). Let h be 2*(-4)/(-32)*m. List the prime factors of (6/(-4))/(h/(-4)).
2, 3
Let k(m) = 119*m - 79. List the prime factors of k(3).
2, 139
Suppose -4*a + 57 = -3*a. Suppose -2*k = p - 5*k - a, -4*p = -2*k - 218. Let d = 6 + p. What are the prime factors of d?
2, 3, 5
Let p(a) = -a**3 + 11*a**2 - 15*a + 3. Let m be 1/5 + (72/15 - -3). What are the prime factors of p(m)?
3, 5
Let x be 24/(-40) + 16/10. Let q(j) = -j**2 + 5*j + 7. Let t be q(5). List the prime factors of (t - -15) + 3*x.
5
Let g = 34 + -20. Let t be (-533)/(-9) - g/63. Suppose 5*d - t = 41. What are the prime factors of d?
2, 5
Suppose -p + 314 = 37. List the prime factors of p.
277
Let w = -46 + 542. What are the prime factors of w?
2, 31
Suppose -4*y + p = -204, 0*y - 51 = -y - 4*p. Suppose -o + 18 + y = 0. List the prime factors of o.
3, 23
Let i(h) = -535*h - 33. List the prime factors of i(-2).
17, 61
Suppose -59*t + 60*t - 809 = 0. What are the prime factors of t?
809
Suppose -10*n + 48 = -6*n. Let c(i) = i**2 + 7*i. Let m be c(-7). What are the prime factors of 3 + m + n + -3?
2, 3
Suppose 0 = -6*i - 2689 + 7303. List the prime factors of i.
769
Let b be (-4)/(-8) - (-10)/4. Suppose 5*o - 4*c - 30 = 0, -b*o + 2*c - 3*c + 1 = 0. List the prime factors of o.
2
Let k = 3 - 2. Suppose -4*d = -57 - 123. Suppose 0 = 5*h - 5*m - d, h - 2 + k = -m. What are the prime factors of h?
5
Suppose 9*h - 6*h = -3*j + 795, 2*h + 271 = j. What are the prime factors of j?
3, 89
Suppose 0 = 29*o - 10461 - 102523. What are the prime factors of o?
2, 487
What are the prime factors of (1 - 6)/((-1)/5)?
5
Let o(h) = 17*h - 13. Let s be o(5). Let d = 127 - s. List the prime factors of d.
5, 11
Suppose -5*r + 8 = -v + 2, 0 = 4*v + 4*r - 24. Suppose -3*i + 36 = v*x, 0*x = 5*x - 15. List the prime factors of i.
2
Suppose -10*y = -14*y + 1140. What are the prime factors of y?
3, 5, 19
Let w(s) = 9*s**2 - 5*s + 20. What are the prime factors of w(-6)?
2, 11, 17
Let c be (-4*(-7)/(-28))/((-2)/(-1490)). What are the prime factors of (-3)/(-6) - (c/10 - -1)?
2, 37
Let n be 8*(-1 - (-148)/8). Suppose n - 2 = 6*y. What are the prime factors of y?
23
Let p be 4/(-18) - 3250/(-45). Suppose 9*a - 7*a = p. List the prime factors of a.
2, 3
Suppose 3*f - 3*h = 934 - 211, -3*f = 2*h - 718. What are the prime factors of f?
2, 3, 5
Let b = -40 + 29. Let g = -13 - b. What are the prime factors of g/14 - (-425)/35?
2, 3
Let t be 5 - -2*(-4 - -39). Let o(k) = -k**3 - 8*k**2 + 8*k - 5. Let x be o(-9). Suppose x*y + 23 = t. List the prime factors of y.
13
Let c be (-118)/59 - -1*7. Suppose 3*q - 295 = -5*a + 6, 0 = -2*a + 4. Suppose -273 = -c*n + q. List the prime factors of n.
2, 37
Let z(u) = -202*u**3 + 3*u**2 + 11*u + 9. What are the prime factors of z(-1)?
7, 29
Let l(y) = -2*y**2 - 12*y - 7. Let k be l(-5). Suppose 253 = -k*x + 901. What are the prime factors of x?
2, 3
Suppose -x + 26 = -10. Suppose t + x - 283 = 0. What are the prime factors of t?
13, 19
Suppose -4*m = 3*g + m - 3822, -5*m + 6360 = 5*g. List the prime factors of g.
3, 47
Let x(z) = 17*z - 7. Let l(i) = -i. Let d(v) = -2*l(v) - x(v). List the prime factors of d(-7).
2, 7
Suppose 0 = -20*h - 2577 + 63457. List the prime factors of h.
2, 761
Let h = -342 + 502. Suppose -5*u + 164 = 3*y, 4*y - h = u + 28. What are the prime factors of y?
2, 3
Let z(u) = u**3 - u**2 + u - 20. Let s be z(0). Let g(m) = -m**3 - 20*m**2 - 5*m - 25. List the prime factors of g(s).
3, 5
What are the prime factors of ((-3)/2)/(66/(-30184))?
2, 7
Let l(m) = -28*m**3 + m**2 - 3*m + 6. List the prime factors of l(-3).
2, 3, 5, 13
Let d = 13 + -17. Let q be ((-212)/6)/(d/(-6)). Let k = q - -79. What are the prime factors of k?
2, 13
Suppose 2327 + 6385 = 12*h. List the prime factors of h.
2, 3, 11
Let b(a) = 119*a**2 - 16*a - 17. What are the prime factors of b(5)?
2, 1439
Suppose 13*y = 18*y - 3030. What are the prime factors of y?
2, 3, 101
Let t(c) = -2*c + 2. Let i be t(2). Let k(v) = -56*v + 3. List the prime factors of k(i).
5, 23
Let j(k) be the second derivative of k**4/12 + 2*k**3 - 3*k**2/2 - 4*k. Let d be j(-12). What are the prime factors of (d/(-9))/((-4)/(-84))?
7
Suppose 4*n - 29 = 3*l, -2*l = -4*n + 41 - 15. Suppose 2*m = j + 2*j - 62, 5*j = -n*m + 95. List the prime factors of j.
2, 5
Let s = -544 - -934. Suppose 7*a = 1433 - s. List the prime factors of a.
149
Suppose 6*s - 148 = 1274. List the prime factors of s.
3, 79
Let z = 22 + 144. List the prime factors of z.
2, 83
Let c be 3 - (0 + 0/3). Let q be (2/c)/(2/57). Suppose q*f - 14*f = 135. List the prime factors of f.
3
Let a(x) = -44*x + 300. List the prime factors of a(-23).
2, 41
Suppose -2*t + 1068 - 322 = -l, t + l = 373. List the prime factors of t.
373
Let s = 16 - 16. Suppose s = -3*u - 4*u + 357. List the prime factors of u.
3, 17
Let l(n) be the second derivative of -n**5/20 + 13*n**4/12 + 2*n**2 - 5*n. Let f be l(13). Suppose -f*g = g - 35. What are the prime factors of g?
7
Let r(d) = d**2 + 16*d + 17. Let g be r(-15). Suppose -l - 5 = -5*p + 7, -g = -4*p - 3*l. List the prime factors of p.
2
Suppose 8671 = 19*u + 4*u. What are the prime factors of u?
13, 29
List the prime factors of 0*(-7 + 160/24) + 629.
17, 37
Let s = 1470 + -685. What are the prime factors of s?
5, 157
Let s = 1 + 1. Suppose 0 = 3*m + s*u + 2*u - 12, 0 = 5*m + 4*u - 20. What are the prime factors of m?
2
Suppose -3*q = -2*z - 149, 2*z - 176 + 19 = -3*q. Suppose -6*g + 2*g = 0. Suppose g = 5*b - 2*b - q. What are the prime factors of b?
17
Let q = -476 - -700. List the prime factors of q.
2, 7
Let m(a) = 36*a**2 - 56*a - 5. List the prime factors of m(12).
4507
Let l = 811 + 751. What are the prime factors of l?
2, 11, 71
Suppose 0 = -d + 1120 - 4. List the prime factors of d.
2, 3, 31
Let z(m) = m**3 + 13*m**2 - 10*m + 3. What are the prime factors of z(-13)?
7, 19
Suppose 263 - 1190 = -9*p. List the prime factors of p.
103
Suppose -12 = 3*j - 2*r, 2*j - 3*j - 11 = -3*r. Let h(v) = 10*v - 2. Let k(o) = -19*o + 5. Let y(t) = -9*h(t) - 4*k(t). List the prime factors of y(j).
2, 13
Let s = -331 - -336. Let k